. Let x(v) = 4*v - 6. Let f be x(j). What is the greatest common factor of f and 80?
10
Suppose 3*z = 5*k + 49, 5*z - 59 = k - 4*k. Let r = 14 - z. What is the greatest common divisor of r and 1?
1
Let w be 361/11 - (30/(-33))/5. Let q be (352/w)/(4/6). What is the greatest common divisor of 144 and q?
16
Suppose -18 = 2*f - 5*f. Let s be (37 + -1)/((-6 - -2) + 6). Let k be f/s - (-4)/6. Calculate the highest common factor of 11 and k.
1
Suppose m = -0*m + 2*q + 178, 704 = 4*m - 4*q. Let y be (0 - -2 - 2) + (-54)/(-9). Calculate the highest common divisor of y and m.
6
Suppose 5*i = f + 230, 32 + 128 = 3*i - 5*f. What is the highest common divisor of 117 and i?
9
Let a be 426/((-9)/(-135)*9). Calculate the highest common divisor of a and 20.
10
Let u be 6/12 + 7/2. Suppose -3*y = -5*q + 76, -8*q - 5*y = -u*q - 83. Calculate the greatest common divisor of q and 119.
17
Let o(x) = 43*x - 32. Let k be o(7). Suppose g - 4*g + k = -2*h, h + 180 = 2*g. Calculate the highest common divisor of g and 7.
7
Suppose 74*y = 66*y + 968. What is the highest common divisor of y and 33?
11
Suppose -5*s - 105 = -5*w, -24*w - 84 = -28*w + 2*s. What is the highest common divisor of w and 63?
21
Let w be (-2)/((-1)/(-86)*2). Let n = -56 - w. Suppose -2*r + 24 = -0*r. Calculate the greatest common divisor of n and r.
6
Let b = -565 + 761. Calculate the highest common factor of b and 28.
28
Let d(k) = 2*k**2 - 8*k - 11. Let t(m) = -m**2 + 4*m + 5. Let o(g) = 3*d(g) + 7*t(g). Let w be o(3). Calculate the greatest common divisor of w and 55.
5
Suppose 64*u - 745 = 2199. What is the greatest common factor of u and 575?
23
Let p(c) = -6*c**2 + c - 1. Let d(s) = 6*s**2 - s. Let h(l) = -4*d(l) - 5*p(l). Let a be h(-5). Calculate the highest common factor of a and 20.
20
Suppose 0 = -2*w + 6*w - 252. Suppose -2*f + 5 = -11. Suppose -6*r + f*r - 59 = -3*u, -4*r - 50 = -2*u. Calculate the greatest common factor of w and u.
21
Suppose 2 = -2*k, 3*k = 5*p + 8*k - 875. What is the highest common divisor of p and 64?
16
Let m(u) = u**3 + 7*u**2 + u + 56. Let s be m(-7). What is the greatest common divisor of 539 and s?
49
Suppose s + 9*t = 29, 33 + 160 = 5*s - 3*t. Calculate the highest common divisor of 323 and s.
19
Let r = -85 - -138. Let k = 77 - r. What is the greatest common divisor of 168 and k?
24
Let k be (8/6)/((-1)/(-12)). Let r(f) = -f**3 + 8*f**2 + 9*f + 6. Let b be r(9). Suppose 9*d = 12*d - b. Calculate the highest common factor of k and d.
2
Let z = 286 + -175. Calculate the greatest common factor of z and 3.
3
Let t be ((-3)/(-2))/(3/16). Suppose 0 = -2*h - 0*d - 4*d, -5*d = 3*h - 1. What is the greatest common factor of t and h?
2
Let i be (-14)/3*5*(-72)/140. Calculate the greatest common divisor of 80 and i.
4
Let c(k) = k**3 + 9*k - 9. Let h be c(6). Suppose -4*j + 5*j - h = -4*b, 2*b - 4*j - 108 = 0. What is the greatest common factor of 96 and b?
32
Let n = -19 - -39. Let w(s) = -38 - 3*s + 25 + s**2 + 17. Let b be w(4). Calculate the highest common divisor of b and n.
4
Let t = 112 - -266. Let k = t + -189. Calculate the highest common divisor of 21 and k.
21
Let w be 1*3*(-16)/(-12). Suppose 3*m = 2*m + w. Let h be 6/(-12)*-66 + 3. What is the highest common divisor of m and h?
4
Suppose -5*s + 0 = -10. Suppose -6*y = -2*y + 5*k - 1291, -4*k + 644 = s*y. Calculate the greatest common factor of 36 and y.
36
Let g(y) = -2*y**3 - 22*y**2 - 10*y + 1. Let n be g(-11). Calculate the highest common divisor of 3 and n.
3
Let m(v) = v**2 - 22*v - 25. Let k be m(22). Let c be 0 + (-2 - 1) - (-5 + k). What is the greatest common divisor of 81 and c?
27
Let h(c) = -123*c + 2. Let y be h(-2). Suppose -12*t + 1054 = 22*t. What is the greatest common divisor of y and t?
31
Let v(g) be the first derivative of g**2/2 + 33*g - 3. Let d be v(22). What is the greatest common divisor of 22 and d?
11
Let d be (1 - (7 - 2)) + -5. Let m be 3*d/((-2)/(-1 + 3)). What is the highest common divisor of 9 and m?
9
Suppose 4*c - 3*q = -142 + 683, q + 3 = 0. Let i(x) = x + 28. Let u be i(-9). Calculate the highest common factor of u and c.
19
Let h(x) = -x**3 + 2*x**2 + 3*x - 6. Let p be h(7). Let t = p + 367. Let a = t + -69. Calculate the highest common divisor of a and 17.
17
Let a be (90/35)/((-5)/(-2100)*5). Calculate the greatest common divisor of 144 and a.
72
Let q be 2/(10/(-123)) - 4/10. Let h = -2 - q. What is the greatest common divisor of h and 253?
23
Suppose 4 + 0 = 2*v. Suppose 12 = v*m + 2*m. Let i be -1 + 16/9 - 36/(-162). Calculate the greatest common factor of i and m.
1
Let u(m) = 10*m + 354. Let v be u(-21). Calculate the highest common factor of 16 and v.
16
Let o(p) = -21*p - 2. Let d(g) = -g**2 + 21. Let w be d(-5). Let r be o(w). Calculate the highest common divisor of 41 and r.
41
Let y = 26 - 24. Suppose -5*a - 5 = 0, -4*f + a + 8 = 19. Let h be 2/((-2)/f - 0). What is the highest common divisor of h and y?
1
Suppose 3*t - 20 = -5*x, -2*x + 7 + 28 = 3*t. Let y = 88 - 58. What is the greatest common divisor of t and y?
15
Let i(a) = a**2 + 2*a - 27. Let j be i(5). Let b(d) = 6*d. Let u be b(-3). Let h be (-1292)/u + (-6)/(-27). Calculate the highest common divisor of h and j.
8
Suppose -6*t - 8*t + 196 = 0. What is the greatest common factor of t and 21?
7
Let p(o) = -o**3 + 31*o**2 - 33*o + 111. Let b be p(30). What is the greatest common divisor of b and 6?
3
Suppose 5*d = 2*u + 568, -4*u - 291 = -2*d - 51. What is the highest common factor of 14 and d?
14
Let b(o) = 13*o**3 - o**2 + 2*o - 2. Let t be b(1). Suppose -11*l - 11 = -t*l. Let p = 298 - 210. What is the highest common divisor of p and l?
11
Let c be -2*(-4)/(16/12). Let q = -15 - -18. Suppose 0 = -q*l + 2*l + 48. Calculate the greatest common factor of c and l.
6
Let y be ((1 - -29) + -3)*14/3. Calculate the greatest common factor of y and 14.
14
Let d be (-125)/50*352/(-10). Calculate the greatest common factor of 22 and d.
22
Let z(o) = o**3 + 15*o**2 + 38*o - 3. Let n be z(-11). What is the highest common divisor of n and 28?
7
Let o(t) = 8*t - 4. Let m be o(-7). Let w be 1/((-2)/m*2). Suppose 240*d - 540 = 236*d. What is the greatest common divisor of w and d?
15
Let v = 39 + -36. Suppose 82 = 5*b - 2*y - 29, v*y = 4*b - 86. Calculate the greatest common factor of 161 and b.
23
Let a be (2/(-4) - -2)*2. Suppose -5*c + 5*j = -35, 2 = 5*c + 4*j + a. What is the greatest common divisor of c and 30?
3
Suppose 160 = 3*y + 4*i, -4*y + i - 85 = -292. Let k(c) = 6*c**3 - 3*c**2 - 2*c + 1. Let a be k(3). What is the highest common divisor of a and y?
26
Suppose -2*n + 9 = -5*f - 46, -6 = 2*f. What is the greatest common factor of 36 and n?
4
Let o = -461 - -758. Calculate the highest common factor of 66 and o.
33
Let q(h) be the first derivative of 11/2*h**2 - 2*h + 3. Let j be q(4). Calculate the highest common divisor of j and 63.
21
Suppose -8*l + 1225 = -327. Calculate the highest common factor of l and 2.
2
Let c = -375 - -258. Let j = c - -444. Suppose 0 = -3*z - 3*p + j + 525, 2*p = 10. Calculate the highest common factor of z and 31.
31
Let m be (-6)/(-24) + (-1470)/(-8). Suppose 2*h + m = 4*l, l - 2*h + h = 44. Calculate the greatest common factor of l and 12.
12
Let m = -102 - -109. Suppose -10*d = -m*d - 60. Calculate the highest common divisor of d and 40.
20
Let c(w) = -w - 6. Let v be c(-6). Suppose -m + 0 + 4 = v. Suppose h = 2*b + 21, m - 34 = -h - b. Calculate the greatest common divisor of h and 9.
9
Let t = 9 + 3. Suppose -205 = -4*r + 35. Calculate the highest common divisor of t and r.
12
Let r be 1/(1/(3910/10)). Calculate the greatest common factor of 170 and r.
17
Let y = 797 + -765. What is the greatest common factor of y and 24?
8
Let k be -4*(-4)/56*35. Calculate the highest common factor of k and 85.
5
Suppose 1514*b - 9 = 1513*b. What is the greatest common divisor of 243 and b?
9
Suppose -35*w + 31*w - 5586 = -3*y, -5*y + 9324 = -2*w. What is the greatest common divisor of 6 and y?
6
Let d(k) = -k**3 + 10*k**2 - 7*k + 4. Let h be d(7). Calculate the highest common divisor of 170 and h.
34
Let s(y) = y**3 - 8*y**2 + 14*y + 5. Let t be s(8). Let l = 122 - t. What is the highest common factor of l and 20?
5
Suppose -2*r = 3*d - 21, 3*d + 3 = 2*r + 12. Suppose 6*j + 3*z 